n (-114)/(-5) + j/(-5) is divided by 8?
7
Calculate the remainder when 204/10 + 2/(-5) is divided by (-8)/(120/(-9)) - (-372)/30.
7
Calculate the remainder when 3420/(-150)*5*-1 is divided by 15.
9
Let p = 57 + -50. Suppose 3*a - p*a + 131 = 5*q, 0 = 2*q + a - 53. What is the remainder when q is divided by 7?
6
Suppose -3*i = -175 - 71. Suppose 10*g - 5*g = 45. What is the remainder when i is divided by (7 - g)*28/(-2)?
26
What is the remainder when 320/55 + (-4)/(-22) is divided by (-2)/5*(1 + -2 - 4)?
0
Let g be (-8 - -4)*(-6)/8. Suppose t - g = -0*t. Let p(q) = q**3 - 4*q**2 + 3*q + 2. Calculate the remainder when 4 is divided by p(t).
0
Let m = -26 - -40. What is the remainder when (-5)/(-10)*-1*-78 is divided by m?
11
Suppose -m = -5*m + 96. Let x(a) = 5*a + 16. Calculate the remainder when x(6) is divided by m.
22
Let x(c) = 13*c**3 - c + 1. Suppose 0 = 5*v + 2*f + 79, -5*v - f = -4*f + 69. Let t = v - -16. Calculate the remainder when 25 is divided by x(t).
12
Suppose 2*j + 51 = 5*j + y, 2*j - 35 = -y. Calculate the remainder when (-6)/((-11)/(616/12)) is divided by j.
12
Let t(b) = b + 29. Let r be t(-13). What is the remainder when 32 is divided by ((-28)/r)/((-1)/4)?
4
Let j be (-3)/(12/5)*92/(-23). Suppose 6*b - 187 = -j*b. What is the remainder when (-6)/(-1 + 20/22) is divided by b?
15
Suppose -4*r + 248 = 2*s, -5*r - 4*s + 311 = -s. Calculate the remainder when r is divided by 8.
5
Suppose 2*a = 3*d + 9 + 5, a - 2*d = 8. Let c = a + 1. What is the remainder when c is divided by 1?
0
Let l be (-135)/(-30) - 2/4. What is the remainder when 79 is divided by 1/(((-1)/(-2)*l)/82)?
38
Let t be 15/(-30) - 5/2. What is the remainder when 36 is divided by (45/10)/t*-14?
15
Let d be (-2)/((-158)/(-100) + 6/(-4)). Let s = -11 - d. Calculate the remainder when 40 is divided by s.
12
Let v(z) be the second derivative of z**4/6 + 2*z**3/3 + 7*z**2/2 + 6*z. What is the remainder when v(-8) is divided by 13?
12
Let h = -561 + 577. Calculate the remainder when 141 is divided by h.
13
Suppose a - h = 2*a - 25, 5*h = -2*a + 56. Let l = a - -9. Calculate the remainder when 126 is divided by l.
30
Let r = 1324 - 1309. Calculate the remainder when 158 is divided by r.
8
Suppose -28*v = -8*v - 480. Calculate the remainder when 261 is divided by v.
21
Let o = -885 + 923. Suppose p - 5 = -4*n, -4*n + 2*n = -3*p + 15. What is the remainder when o is divided by p?
3
Let b = -516 + 536. What is the remainder when 67 is divided by b?
7
Suppose 0 = -j + 2*i - 5, -2*i = 2*j - 4*i + 2. Suppose j*c = -5*c + 312. What is the remainder when c is divided by 4?
3
What is the remainder when 1002 is divided by -5*(-12)/(-60) + (2 - -55)?
50
Let s(w) = 3*w**2 - w. Let y be s(1). Let t = 0 - 0. Suppose t*j - 18 = -y*j. What is the remainder when 34 is divided by j?
7
What is the remainder when 93 is divided by -7 + 25/((-100)/(-192))?
11
Let w(x) = 3*x**2 + 7*x - 48. Suppose -3*c = -5*i - 99, 5*c = -4*i + 259 - 57. Calculate the remainder when w(7) is divided by c.
34
Let c(x) = -17*x - 114. Calculate the remainder when 130 is divided by c(-8).
20
Calculate the remainder when 457 is divided by (-52 - -54)/((-2)/(-92)).
89
Let h = 55 + -23. Let p = 67 - h. Calculate the remainder when p is divided by ((-16)/(-10))/((-4)/(-30)).
11
Suppose -6*r + 4*r = -54. Suppose -3 + r = 8*a. Calculate the remainder when (-90)/(-21) + 2/(-7) is divided by a.
1
Suppose -q - 2*w + 2 = -12, 2*w = 3*q - 58. Let x(g) = g**3 - g**2 + 6*g - 1. Let h = 21 + -18. Calculate the remainder when x(h) is divided by q.
17
Suppose 3*y - 14 = 4*i, 3*y - 3*i + 7*i = 22. Suppose -56*s + 11*s = 70*s - 3565. Calculate the remainder when s is divided by y.
1
Suppose 4*h = -4*l + 68, -23 = -h - 12*l + 8*l. What is the remainder when 102 is divided by h?
12
Suppose 5*i + 0*i + 5*y = 35, 2*y = i + 5. Suppose -2*b = -n - 5*b + 63, -i*b = 9. What is the remainder when n is divided by 15?
12
Suppose 29*k = 57 + 320. What is the remainder when 58 is divided by k?
6
Let l = -769 + 830. Calculate the remainder when 180 is divided by l.
58
Let z(f) = f**3 - 22*f**2 - 24*f + 27. Let t be z(23). Suppose -t*h - 16 = 0, -56 = -0*c - 3*c - h. What is the remainder when 98 is divided by c?
18
What is the remainder when 243 - (-7 + 0) - 6/(-2) is divided by 64?
61
Suppose -6*q = -4*q - 26. What is the remainder when 110 is divided by (q/(-2) + 5)*(-148)/6?
36
Let j be 462/6*(-3 + 2). Let v = j - -98. Calculate the remainder when 41 is divided by v.
20
Suppose h - 239*j + 243*j - 425 = 0, -2*h - 4*j = -854. What is the remainder when h is divided by 24?
21
Let f(v) = -11*v + 449. Calculate the remainder when f(27) is divided by 18.
8
Let m be ((-4 - -4)/(-2) - 1)/1. What is the remainder when 13*6 - m - -3 is divided by 28?
26
Let d(u) = u**2 - 2*u - 6. Let z be d(4). Suppose -4*l - z*r = 3*r - 41, 33 = 2*l + 5*r. Suppose 52 = l*q + 12. Calculate the remainder when 29 is divided by q.
9
Suppose x + 2 = -x + 2*o, -4*x - 22 = 2*o. Calculate the remainder when 8 is divided by ((-3 - -3) + x)*-2.
0
Let z(k) = 4*k + 38. Let x(t) = -2*t - 19. Let m(l) = -13*x(l) - 6*z(l). Calculate the remainder when m(6) is divided by 17.
14
Let l = 192 - 97. Let r be ((-12)/(-2))/((-2)/(-2)). Suppose y + l = r*y. Calculate the remainder when 54 is divided by y.
16
Let c be ((-567)/(-12))/((-3)/(-8)). Let z = c + -47. Calculate the remainder when z is divided by 20.
19
Let d be 2*1 - (-14 + 18). Let q = 4 + d. Suppose 10 = -0*c + 5*c. Calculate the remainder when c is divided by q.
0
Suppose 0 = 5*v + 56 - 466. Let r = v + -45. Suppose 20 = 2*d - 5*k + 4, 3*d - 3*k = 33. What is the remainder when r is divided by d?
11
Suppose 4*o + 21 = 85. Let v(b) = -17*b - 241. Calculate the remainder when v(-16) is divided by o.
15
Let n(u) = u**2 - 2*u - 4. Suppose c = -16 + 10. What is the remainder when 131 is divided by n(c)?
43
Let h be 307/(-3) + (80/(-15))/8. Let s = 209 + h. What is the remainder when s is divided by 11?
7
Let l = -2 + 6. Suppose 0 = -l*n + 3*n + 4. Suppose 82 + 26 = n*o - j, 12 = -3*j. What is the remainder when 76 is divided by o?
24
Suppose 444 = -183*r + 180*r. Let g = r + 210. Calculate the remainder when g is divided by 32.
30
Let x = -27 + -29. Let z = x - -72. What is the remainder when z is divided by 7?
2
Let q = -1049 - -1058. Let s = -4 + 29. What is the remainder when s is divided by q?
7
Suppose -5*z - 91 = -2*i - 0*i, i = -3*z + 18. Let r = i - -2. Calculate the remainder when 5 + r - (-6)/2 is divided by 15.
13
Let a(z) = 3*z**3 + 3*z**2 + 3*z + 24. What is the remainder when a(4) is divided by 14?
10
Suppose -w - 4*i = -3*w, 0 = 4*w + 2*i + 30. Let v = 10 + w. Suppose l + 2 = 3*m + 39, 3*m - 118 = -v*l. What is the remainder when l is divided by 8?
7
Let a = 17 - 15. Let o(s) = 2*s**3 - 3*s**2 - s**3 + 2 + 7*s**3. Calculate the remainder when o(a) is divided by 19.
16
Suppose 3*s + s - 16 = -4*k, 2 = 5*k - 4*s. Suppose -154 = -k*l - 0*l. Calculate the remainder when l is divided by 26.
25
Let l(c) = 2*c + 2. Let o(g) = -7*g**2 - 181*g + 46. What is the remainder when o(-26) is divided by l(6)?
6
Let b(n) = 2*n**3 + 7*n**2 + 9*n - 1. Let c be b(-4). Let t = c + 62. Calculate the remainder when 34 is divided by t.
7
What is the remainder when 237 is divided by (-8)/60 - (-4344)/180?
21
Let b = 31 + -21. Let t = b + 6. What is the remainder when 61 is divided by t?
13
Let v(r) = r**3 + 2*r - 13. What is the remainder when v(5) is divided by 3?
2
Let u = 80 + -38. What is the remainder when 79 is divided by u?
37
Suppose 0 = 2*b + 3*b - 15. Suppose 2*h + 12 = -4*m + 7*h, 4 = -2*m + 3*h. Let k = -5 - m. Calculate the remainder when b is divided by k.
0
Suppose -4*m + 53 = -51. Suppose -23 = 5*n - 68. What is the remainder when m is divided by n?
8
Suppose 4*c - 29 - 31 = -2*b, 0 = c - 5. What is the remainder when 157 is divided by b?
17
Let l = 2416 + -2403. Calculate the remainder when 622 is divided by l.
11
Let t = 304 - 298. Let i be 112/4*1/(-2). What is the remainder when t is divided by 2/(-7) - 74/i?
1
Suppose 36 - 4 = -4*p - 4*w, -2*p - w = 18. Let r(c) = -c**2 - 9*c + 12. Let n be r(p). What is the remainder when (19/(-1) + n)*-2 is divided by 12?
10
Suppose -i + z = 4*i + 516, 0 = 2*i - 2*z + 208. Let d =